{"id":54,"date":"2016-04-04T19:10:14","date_gmt":"2016-04-04T18:10:14","guid":{"rendered":"http:\/\/www.cr-sroc.pt\/?page_id=54"},"modified":"2022-12-20T11:11:26","modified_gmt":"2022-12-20T11:11:26","slug":"inicio","status":"publish","type":"page","link":"https:\/\/www.cr-sroc.pt\/?page_id=54&lang=pt","title":{"rendered":"In\u00edcio"},"content":{"rendered":"<div id=\"pl-54\"><div class=\"panel-grid\" id=\"pg-54-0\" ><div class=\"siteorigin-panels-stretch panel-row-style\" data-stretch-type=\"full-stretched\" ><div class=\"panel-grid-cell\" id=\"pgc-54-0-0\" ><div class=\"so-panel widget widget_sow-layout-slider panel-first-child panel-last-child\" id=\"panel-54-0-0-0\" data-index=\"0\"><div class=\"so-widget-sow-layout-slider so-widget-sow-layout-slider-default-f76e4d38abe6\"><div class=\"sow-slider-base \" style=\"display: none\"><ul class=\"sow-slider-images\" data-settings=\"{&quot;pagination&quot;:true,&quot;speed&quot;:800,&quot;timeout&quot;:8000,&quot;swipe&quot;:true}\">\t\t<li class=\"sow-slider-image  sow-slider-image-cover\" style=\"background-color: #333333;background-image: url(https:\/\/i0.wp.com\/www.cr-sroc.pt\/wp-content\/uploads\/BANNER.png?fit=1921%2C426&#038;ssl=1)\" >\n\t\t\t\t\t<div class=\"sow-slider-image-container\">\n\t\t\t<div class=\"sow-slider-image-wrapper\">\n\t\t\t\t<div id=\"pl-w93b629db\"><div class=\"panel-grid\" id=\"pg-w93b629db-0\" ><div class=\"panel-grid-cell\" id=\"pgc-w93b629db-0-0\" ><div class=\"so-panel widget widget_text panel-first-child panel-last-child\" id=\"panel-w93b629db-0-0-0\" data-index=\"0\">\t\t\t<div class=\"textwidget\"><h2 class=\"tcenter widget-title\">Constru\u00edmos Rela\u00e7\u00f5es de Confian\u00e7a<\/h2><\/div>\n\t\t<\/div><\/div><\/div><\/div>\t\t\t<\/div>\n\t\t<\/div>\n\t\t\t\t<\/li>\n\t\t<\/ul>\t\t\t\t<ol class=\"sow-slider-pagination\">\n\t\t\t\t\t\t\t\t\t\t\t<li><a href=\"#\" data-goto=\"0\">1<\/a><\/li>\n\t\t\t\t\t\t\t\t\t<\/ol>\n\n\t\t\t\t<div class=\"sow-slide-nav sow-slide-nav-next\">\n\t\t\t\t\t<a href=\"#\" data-goto=\"next\" data-action=\"next\">\n\t\t\t\t\t\t<em class=\"sow-sld-icon-thin-right\"><\/em>\n\t\t\t\t\t<\/a>\n\t\t\t\t<\/div>\n\n\t\t\t\t<div class=\"sow-slide-nav sow-slide-nav-prev\">\n\t\t\t\t\t<a href=\"#\" data-goto=\"previous\" data-action=\"prev\">\n\t\t\t\t\t\t<em class=\"sow-sld-icon-thin-left\"><\/em>\n\t\t\t\t\t<\/a>\n\t\t\t\t<\/div>\n\t\t\t\t<\/div><\/div><\/div><\/div><\/div><\/div><div class=\"panel-grid\" id=\"pg-54-1\" ><div class=\"panel-grid-cell panel-grid-cell-empty\" id=\"pgc-54-1-0\" ><\/div><\/div><div class=\"panel-grid\" id=\"pg-54-2\" ><div class=\"panel-grid-cell\" id=\"pgc-54-2-0\" ><div class=\"so-panel widget widget_text panel-first-child\" id=\"panel-54-2-0-0\" data-index=\"1\">\t\t\t<div class=\"textwidget\"><h1 class=\"tcenter widget-title\">Servi\u00e7os<\/h1><\/div>\n\t\t<\/div><div class=\"so-panel widget widget_text panel-last-child\" id=\"panel-54-2-0-1\" data-index=\"2\">\t\t\t<div class=\"textwidget\"><div class=\"tabs center\"><ul class=\"tab_heading\"><li><a href=\"#tab_69ec77013f46d\"> Revis\u00e3o & Auditoria<\/a><\/li><li><a href=\"#tab_69ec77013f46f\"> Fiscalidade<\/a><\/li><li><a href=\"#tab_69ec77013f470\"> Servi\u00e7os Relacionados<\/a><\/li><li><a href=\"#tab_69ec77013f471\"> Consultoria<\/a><\/li><\/ul><div class=\"tabs_container\"><div id=\"tab_69ec77013f46d\">\n<div  class=\"fa fa-calculator\"><\/div>\n<h2>REVIS\u00c3O & AUDITORIA<\/h2>\n<ul>\n<li>Desempenho das fun\u00e7\u00f5es de Revisor Oficial de Contas, Fiscal \u00danico e Membros do Conselho Fiscal em v\u00e1rias empresas p\u00fablicas e privadas, incluindo munic\u00edpios<\/li>\n<li>Auditoria Financeira<\/li>\n<li>Certifica\u00e7\u00e3o de pedidos de pagamento<\/li>\n<\/ul>\n<\/div><div id=\"tab_69ec77013f46f\">\n<div  class=\"fa fa-pie-chart\"><\/div>\n<h2>FISCALIDADE<\/h2>\n<ul>\n<li>Auditoria e consultoria fiscal<\/li>\n<li>Acompanhamento, planeamento e aconselhamento fiscal<\/li>\n<li>Preenchimento e\/ou revis\u00e3o da Declara\u00e7\u00e3o Modelo 22 e de outras declara\u00e7\u00f5es fiscais<\/li>\n<li>Elabora\u00e7\u00e3o de Dossiers Fiscais<\/li>\n<li>Elabora\u00e7\u00e3o ou Revis\u00e3o de Dossiers de Pre\u00e7os de Transfer\u00eancia<\/li>\n<li>Pareceres e enquadramentos fiscais<\/li>\n<\/ul>\n<\/div><div id=\"tab_69ec77013f470\">\n<div  class=\"fa fa-area-chart\"><\/div>\n<h2>SERVI\u00c7OS RELACIONADOS<\/h2>\n<ul>\n<li>Assessoria empresarial<\/li>\n<li>Avalia\u00e7\u00f5es de bens (entradas em esp\u00e9cie)<\/li>\n<li>Avalia\u00e7\u00e3o de empresas e de partes sociais<\/li>\n<li>Reestrutura\u00e7\u00f5es empresariais (fus\u00f5es, cis\u00f5es, etc.)<\/li>\n<li>Redimensionamento societ\u00e1rio (aumentos\/diminui\u00e7\u00f5es do capital social)<\/li>\n<li>Diagn\u00f3sticos e conce\u00e7\u00e3o de Sistemas de Controlo Interno<\/li>\n<li>Compila\u00e7\u00e3o de informa\u00e7\u00e3o financeira<\/li>\n<li>Elabora\u00e7\u00e3o de Demonstra\u00e7\u00f5es Financeiras intercalares ou finais, individuais ou consolidadas, por segmentos, previsionais, incluindo a Demonstra\u00e7\u00e3o dos Resultados por Fun\u00e7\u00f5es e a Demonstra\u00e7\u00e3o dos Fluxos de Caixa, entre outras<\/li>\n<li>Prepara\u00e7\u00e3o de Demonstra\u00e7\u00f5es Financeiras com base nas Normas Internacionais de Relato Financeiro ou em outros referenciais contabil\u00edsticos<\/li>\n<li>Pareceres contabil\u00edsticos<\/li>\n<\/ul>\n<\/div><div id=\"tab_69ec77013f471\">\n<div  class=\"fa fa-bar-chart\"><\/div>\n<h2>CONSULTORIA<\/h2>\n<ul>\n<li>Estudos de viabilidade<\/li>\n<li>Consultoria financeira<\/li>\n<li>Organiza\u00e7\u00e3o empresarial e administrativa<\/li>\n<li>An\u00e1lise econ\u00f3mica e financeira com mecanismos de alerta via e-mail ou sms<\/li>\n<li>\u201cEmpresa na M\u00e3o\u201d, constitui\u00e7\u00e3o de empresas, onde se inclui, para al\u00e9m das quest\u00f5es legais, o estudo de marketing,  designa\u00e7\u00e3o, identidade gr\u00e1fica e respectivas decorr\u00eancias (em parceria com uma consultora de marketing e comunica\u00e7\u00e3o)<\/li>\n<li>Altera\u00e7\u00e3o, transforma\u00e7\u00e3o, liquida\u00e7\u00e3o de empresas em Portugal e no estrangeiro<\/li>\n<li>Cadastro do imobilizado<\/li>\n<li>Implementa\u00e7\u00e3o de sistemas de informa\u00e7\u00e3o baseadas em tecnologias de informa\u00e7\u00e3o<\/li>\n<\/ul>\n<\/div><\/div><\/div><\/div>\n\t\t<\/div><\/div><\/div><div class=\"panel-grid\" id=\"pg-54-3\" ><div class=\"panel-row-style-section-divider section-divider panel-row-style\" ><div class=\"panel-grid-cell\" id=\"pgc-54-3-0\" ><div class=\"so-panel widget widget_text panel-first-child\" id=\"panel-54-3-0-0\" data-index=\"3\">\t\t\t<div class=\"textwidget\"><h3 class=\"widget-title tcenter\">DKF International<\/h3><\/div>\n\t\t<\/div><div class=\"so-panel widget widget_siteorigin-panels-builder panel-last-child\" id=\"panel-54-3-0-1\" data-index=\"4\"><div class=\"section-pattern panel-widget-style\" ><div id=\"pl-w5a043dc5d53dc\"><div class=\"panel-grid\" id=\"pg-w5a043dc5d53dc-0\" ><div class=\"panel-grid-cell\" id=\"pgc-w5a043dc5d53dc-0-0\" ><div class=\"so-panel widget widget_webulous-image-widget panel-first-child panel-last-child\" id=\"panel-w5a043dc5d53dc-0-0-0\" data-index=\"0\"><a href=\"http:\/\/www.dfk.com\/\"><img decoding=\"async\" src=\"https:\/\/i2.wp.com\/www.cr-sroc.pt\/wp-content\/uploads\/member-of-dfk.png?w=870\" data-recalc-dims=\"1\" \/><\/a><\/div><\/div><div class=\"panel-grid-cell\" id=\"pgc-w5a043dc5d53dc-0-1\" ><div class=\"so-panel widget widget_text panel-first-child panel-last-child\" id=\"panel-w5a043dc5d53dc-0-1-0\" data-index=\"1\"><h3 class=\"widget-title\">Desde 1988<\/h3>\t\t\t<div class=\"textwidget\"><p>A C & R Ribas Pacheco, SROC est\u00e1 no mercado desde 1988 e, desde janeiro de 2016, faz parte integrante da rede internacional de auditoria e de consultoria <a href=\"http:\/\/www.dfk.com\/\" target=\"blank\">DFK Internacional<\/a>.<\/p>\n<p>A DFK Internacional \u00e9 uma das maiores e mais prestigiadas redes mundiais de auditores e de consultores, est\u00e1 em 85 pa\u00edses e conta j\u00e1 com cerca de 420 escrit\u00f3rios e 10.000 colaboradores em todo o mundo. Em Portugal est\u00e1 no Porto, Lisboa e Algarve.\n\u00c9 neste contexto que podemos garantir aos nossos clientes, assim como \u00e0s suas filhas \/ sucursais, no mundo inteiro um apoio integrado, nomeadamente na auditoria, consultoria financeira, consultoria fiscal, etc.<\/p>\n<p>Veja o v\u00eddeo de apresenta\u00e7\u00e3o da DFK Internacional <a href=\"https:\/\/www.youtube.com\/watch?v=hJgx0U91oRY\" target=\"blank\">aqui<\/a>.<\/p><\/div>\n\t\t<\/div><\/div><\/div><\/div><\/div><\/div><\/div><\/div><\/div><div class=\"panel-grid\" id=\"pg-54-4\" ><div class=\"panel-grid-cell\" id=\"pgc-54-4-0\" ><div class=\"so-panel widget widget_text panel-first-child panel-last-child\" id=\"panel-54-4-0-0\" data-index=\"5\"><h3 class=\"widget-title\">As raz\u00f5es para nos escolher<\/h3>\t\t\t<div class=\"textwidget\"><p>A disponibilidade, sentido de colabora\u00e7\u00e3o, prontid\u00e3o, sigilo profissional e compet\u00eancia dos Colaboradores e Parceiros da C & R Ribas Pacheco, SROC s\u00e3o elementos diferenciadores que, conjugados com uma vis\u00e3o abrangente da atividade empresarial e com o conhecimento t\u00e9cnico, nos permitem apresentar solu\u00e7\u00f5es de elevada qualidade.<\/p>\n<p class=\"btn-more\"><a href=\"http:\/\/www.cr-sroc.pt\/pt\/servicos\/\"> Saiba mais <\/a><\/p><\/div>\n\t\t<\/div><\/div><div class=\"panel-grid-cell\" id=\"pgc-54-4-1\" ><div class=\"so-panel widget widget_text panel-first-child panel-last-child\" id=\"panel-54-4-1-0\" data-index=\"6\"><h3 class=\"widget-title\">Princ\u00edpios<\/h3>\t\t\t<div class=\"textwidget\"><p>Independ\u00eancia, Responsabilidade, Compet\u00eancia, Legalidade, Sentido Cr\u00edtico e Sigilo Profissional s\u00e3o os princ\u00edpios fundamentais da C & R Ribas Pacheco, SROC que visam a Credibilidade, o Profissionalismo, a Qualidade e a Confian\u00e7a no desempenho da profiss\u00e3o.<\/p>\n<p class=\"btn-more\"><a href=\"http:\/\/www.cr-sroc.pt\/pt\/visao\/\"> Saiba mais <\/a><\/p><\/div>\n\t\t<\/div><\/div><\/div><div class=\"panel-grid\" id=\"pg-54-5\" ><div class=\"panel-row-style-section-divider section-divider panel-row-style\" ><div class=\"panel-grid-cell\" id=\"pgc-54-5-0\" ><div class=\"so-panel widget widget_text panel-first-child\" id=\"panel-54-5-0-0\" data-index=\"7\">\t\t\t<div class=\"textwidget\"><h3 class=\"widget-title tcenter\">A nossa hist\u00f3ria<\/h3><\/div>\n\t\t<\/div><div class=\"so-panel widget widget_siteorigin-panels-builder panel-last-child\" id=\"panel-54-5-0-1\" data-index=\"8\"><div class=\"section-pattern panel-widget-style\" ><div id=\"pl-w5a0442e83116e\"><div class=\"panel-grid\" id=\"pg-w5a0442e83116e-0\" ><div class=\"panel-grid-cell\" id=\"pgc-w5a0442e83116e-0-0\" ><div class=\"so-panel widget widget_webulous-image-widget panel-first-child panel-last-child\" id=\"panel-w5a0442e83116e-0-0-0\" data-index=\"0\"><a href=\"http:\/\/www.cr-sroc.pt\/pt\/contactos\/\"><img decoding=\"async\" src=\"https:\/\/i0.wp.com\/www.cr-sroc.pt\/wp-content\/uploads\/office-03.png?w=870\" data-recalc-dims=\"1\" \/><\/a><\/div><\/div><div class=\"panel-grid-cell\" id=\"pgc-w5a0442e83116e-0-1\" ><div class=\"so-panel widget widget_text panel-first-child panel-last-child\" id=\"panel-w5a0442e83116e-0-1-0\" data-index=\"1\"><h3 class=\"widget-title\">Desde 1988<\/h3>\t\t\t<div class=\"textwidget\"><p>A C & R Ribas Pacheco, SROC, constitu\u00edda em 1988 pelo seu s\u00f3cio fundador, Dr. C. A. Ribas Pacheco, dedica-se \u00e0 Auditoria, Revis\u00e3o Oficial de Contas, Consultoria, e outros servi\u00e7os relacionados. Inscritos na Ordem dos Revisores Oficiais de Contas com o n.\u00ba 49 e na Comiss\u00e3o do Mercado de Valores Mobili\u00e1rios, desempenha a sua atividade em harmonia com as normas nacionais e internacionais de Revis\u00e3o e Auditoria.<\/p>\n<p class=\"btn-more\"><a href=\"http:\/\/www.cr-sroc.pt\/pt\/empresa\/\"> Saiba mais <\/a><\/p><\/div>\n\t\t<\/div><\/div><\/div><\/div><\/div><\/div><\/div><\/div><\/div><div class=\"panel-grid\" id=\"pg-54-6\" ><div class=\"panel-grid-cell\" id=\"pgc-54-6-0\" ><div class=\"so-panel widget widget_text panel-first-child panel-last-child\" id=\"panel-54-6-0-0\" data-index=\"9\"><h3 class=\"widget-title\">A import\u00e2ncia dos R.O.C.&#8217;s<\/h3>\t\t\t<div class=\"textwidget\"><div class=\"tabs normal\"><ul class=\"tab_heading\"><li><a href=\"#tab_69ec77013f6a0\"> \u203a\u203a 1<\/a><\/li><li><a href=\"#tab_69ec77013f6a1\"> \u203a\u203a 2<\/a><\/li><li><a href=\"#tab_69ec77013f6a2\"> \u203a\u203a 3<\/a><\/li><li><a href=\"#tab_69ec77013f6a3\"> \u203a\u203a 4<\/a><\/li><\/ul><div class=\"tabs_container\"><div id=\"tab_69ec77013f6a0\">\u201cOs R.O.C.\u2019s podem contribuir de uma forma mais persistente e profunda no controlo e credibiliza\u00e7\u00e3o da informa\u00e7\u00e3o financeira.\u201d - In IX Congresso dos R.O.C.\u2019s <\/div><div id=\"tab_69ec77013f6a1\">\u201cO ROC contribui, ainda que de forma indirecta ou invis\u00edvel, para o refor\u00e7o da confian\u00e7a da economia.\u201d - In IX Congresso dos R.O.C.\u2019s<\/div><div id=\"tab_69ec77013f6a2\">\u201cA profiss\u00e3o de revisor deve ser reconhecida pela garantia de qualidade do servi\u00e7o prestado ao Cliente\u201d. - In IX Congresso dos R.O.C.\u2019s<\/div><div id=\"tab_69ec77013f6a3\">\u201cOs R.O.C.\u2019s s\u00e3o imprescind\u00edveis para o rigor das contas p\u00fablicas assim como s\u00e3o de valor inestim\u00e1vel para as P.M.E.\u201d - In IX Congresso dos R.O.C.\u2019s <\/div><\/div><\/div><\/div>\n\t\t<\/div><\/div><div class=\"panel-grid-cell\" id=\"pgc-54-6-1\" ><div class=\"so-panel widget widget_text panel-first-child panel-last-child\" id=\"panel-54-6-1-0\" data-index=\"10\"><h3 class=\"widget-title\">O valores da nossa Equipa<\/h3>\t\t\t<div class=\"textwidget\"><div class=\"accordion\">\n\n<h3>Trabalho em Equipa<\/h3><div class=\"acc_content\">\n<ul>\n<li>Forma\u00e7\u00e3o<\/li>\n<li>Integra\u00e7\u00e3o<\/li>\n<li>Motiva\u00e7\u00e3o<\/li>\n<li>Per\u00edcia<\/li>\n<li>Experi\u00eancia<\/li>\n<li>Avalia\u00e7\u00e3o<\/li>\n<\/ul>\n<\/div>\n\n<h3>Integridade<\/h3><div class=\"acc_content\">\n<ul>\n<li>Independ\u00eancia<\/li>\n<li>Confian\u00e7a<\/li>\n<li>Honestidade<\/li>\n<li>Responsabilidade<\/li>\n<li>Rigor<\/li>\n<li>Sigilo Profissional<\/li>\n<\/ul>\n<\/div>\n\n<h3>Foco no cliente<\/h3><div class=\"acc_content\">\n<ul>\n<li>Cria\u00e7\u00e3o de Valor<\/li>\n<li>Efici\u00eancia<\/li>\n<li>Qualidade<\/li>\n<li>Profissionalismo<\/li>\n<li>Conhecimento do Neg\u00f3cio<\/li>\n<li>Dedica\u00e7\u00e3o<\/li>\n<\/ul>\n<\/div>\n\n<\/div><\/div>\n\t\t<\/div><\/div><\/div><div class=\"panel-grid\" id=\"pg-54-7\" style=\"margin-bottom: 0px;\" ><div class=\"siteorigin-panels-stretch panel-row-style\" style=\"background-color: #1e73be; \" data-stretch-type=\"full-stretched\" ><div class=\"panel-grid-cell\" id=\"pgc-54-7-0\" ><div class=\"so-panel widget widget_sow-headline panel-first-child\" id=\"panel-54-7-0-0\" data-index=\"11\"><div style=\"padding: 4% 4% 1% 4%;\" class=\"panel-widget-style\" ><div class=\"so-widget-sow-headline so-widget-sow-headline-default-43e7486a4cb3\"><div class=\"sow-headline-container \">\n\t<h2 class=\"sow-headline\">PRECISA DOS NOSSOS SERVI\u00c7OS? <\/h2><h4 class=\"sow-sub-headline\">CONTACTE-NOS!<\/h4><\/div><\/div><\/div><\/div><div class=\"so-panel widget widget_sow-editor panel-last-child\" id=\"panel-54-7-0-1\" data-index=\"12\"><div style=\"padding: 0% 4% 3% 4%;\" class=\"panel-widget-style\" ><div class=\"so-widget-sow-editor so-widget-sow-editor-base\">\n<div class=\"siteorigin-widget-tinymce textwidget\">\n\t<p style=\"text-align: center;\"><span style=\"color: #ffffff;\"><i class=\"fa fa-building-o\"><\/i> Edif\u00edcio Bristol, Avenida da Boavista, n.\u00ba 1681, 2.\u00ba andar, Sala 2.4 | 4100-115 Porto<\/span><\/p>\n<p style=\"text-align: center;\"><span style=\"color: #ffffff;\"><i class=\"fa fa-phone\"><\/i> Tel.: [+351] 226 005 318\/328 (chamada para rede fixa nacional)<\/span><\/p>\n<p style=\"text-align: center;\"><span style=\"color: #ffffff;\"><i class=\"fa fa-envelope\"><\/i> E-mail: <a style=\"color: #ffffff;\" href=\"mailto:geral@cr-sroc.pt\">geral@cr-sroc.pt<\/a> | <a style=\"color: #ffffff;\" href=\"mailto:administracao@cr-sroc.pt\">administracao@cr-sroc.pt<\/a><\/span><\/p>\n<\/div>\n<\/div><\/div><\/div><\/div><\/div><\/div><\/div>","protected":false},"excerpt":{"rendered":"<p>Constru\u00edmos Rela\u00e7\u00f5es de Confian\u00e7a 1 Servi\u00e7os Revis\u00e3o &#038; Auditoria Fiscalidade Servi\u00e7os Relacionados Consultoria REVIS\u00c3O &#038; AUDITORIA Desempenho das fun\u00e7\u00f5es de<\/p>\n<p class=\"readmore\"><a href=\"https:\/\/www.cr-sroc.pt\/?page_id=54&#038;lang=pt\" title=\"Read In\u00edcio\">Read more &raquo;<\/a><\/p>\n","protected":false},"author":1,"featured_media":0,"parent":0,"menu_order":0,"comment_status":"closed","ping_status":"closed","template":"home-panels.php","meta":{"footnotes":""},"class_list":["post-54","page","type-page","status-publish","hentry"],"_links":{"self":[{"href":"https:\/\/www.cr-sroc.pt\/index.php?rest_route=\/wp\/v2\/pages\/54","targetHints":{"allow":["GET"]}}],"collection":[{"href":"https:\/\/www.cr-sroc.pt\/index.php?rest_route=\/wp\/v2\/pages"}],"about":[{"href":"https:\/\/www.cr-sroc.pt\/index.php?rest_route=\/wp\/v2\/types\/page"}],"author":[{"embeddable":true,"href":"https:\/\/www.cr-sroc.pt\/index.php?rest_route=\/wp\/v2\/users\/1"}],"replies":[{"embeddable":true,"href":"https:\/\/www.cr-sroc.pt\/index.php?rest_route=%2Fwp%2Fv2%2Fcomments&post=54"}],"version-history":[{"count":104,"href":"https:\/\/www.cr-sroc.pt\/index.php?rest_route=\/wp\/v2\/pages\/54\/revisions"}],"predecessor-version":[{"id":464,"href":"https:\/\/www.cr-sroc.pt\/index.php?rest_route=\/wp\/v2\/pages\/54\/revisions\/464"}],"wp:attachment":[{"href":"https:\/\/www.cr-sroc.pt\/index.php?rest_route=%2Fwp%2Fv2%2Fmedia&parent=54"}],"curies":[{"name":"wp","href":"https:\/\/api.w.org\/{rel}","templated":true}]}}