{"id":73,"date":"2016-04-04T18:20:10","date_gmt":"2016-04-04T17:20:10","guid":{"rendered":"http:\/\/www.cr-sroc.pt\/?page_id=73"},"modified":"2016-04-04T18:20:10","modified_gmt":"2016-04-04T17:20:10","slug":"company","status":"publish","type":"page","link":"https:\/\/www.cr-sroc.pt\/?page_id=73&lang=en","title":{"rendered":"Company"},"content":{"rendered":"<div id=\"pl-73\"><div class=\"panel-grid\" id=\"pg-73-0\" ><div class=\"panel-grid-cell\" id=\"pgc-73-0-0\" ><div class=\"so-panel widget widget_sow-editor panel-first-child panel-last-child\" id=\"panel-73-0-0-0\" data-index=\"0\"><div class=\"so-widget-sow-editor so-widget-sow-editor-base\">\n<div class=\"siteorigin-widget-tinymce textwidget\">\n\t<p>A C &amp; R Ribas Pacheco, SROC, constitu\u00edda em 1988 pelo seu s\u00f3cio fundador, Dr. C. A. Ribas Pacheco, dedica-se \u00e0 Auditoria, Revis\u00e3o Oficial de Contas, Consultoria, e outros servi\u00e7os relacionados. Inscritos na Ordem dos Revisores Oficiais de Contas com o n.\u00ba 49 e na Comiss\u00e3o do Mercado de Valores Mobili\u00e1rios, desempenha a sua atividade em harmonia com as normas nacionais e internacionais de Revis\u00e3o e Auditoria.<\/p>\n<\/div>\n<\/div><\/div><\/div><\/div><div class=\"panel-grid\" id=\"pg-73-1\" ><div class=\"panel-grid-cell\" id=\"pgc-73-1-0\" ><div class=\"so-panel widget widget_ourteam-widget panel-first-child panel-last-child\" id=\"panel-73-1-0-0\" data-index=\"1\"><div class=\"our-team\"><div class=\"team-avator\"><img decoding=\"async\" alt=\"\" src=\"https:\/\/i2.wp.com\/www.cr-sroc.pt\/wp-content\/uploads\/CARIBASPACHECO.jpg?w=870\" data-recalc-dims=\"1\"><\/div><div class=\"team-content\"><h4>Candido Ribas Pacheco <span>S\u00f3cio Fundador e Administrador<\/span><\/h4><p><\/p><\/div><\/div><\/div><\/div><div class=\"panel-grid-cell\" id=\"pgc-73-1-1\" ><div class=\"so-panel widget widget_text panel-first-child panel-last-child\" id=\"panel-73-1-1-0\" data-index=\"2\"><div style=\"color: #797979;\" class=\"panel-widget-style\" ><h3 class=\"widget-title\">C. A. Ribas Pacheco | S\u00f3cio fundador e Administrador<\/h3>\t\t\t<div class=\"textwidget\"><p>ROC desde 1980<br \/>\nLicenciado em Economia pela FEP<br \/>\nGestor e Liquidat\u00e1rio Judicial<br \/>\nConsultor de Empresas<br \/>\nPerito Independente<\/p>\n<\/div>\n\t\t<\/div><\/div><\/div><\/div><div class=\"panel-grid\" id=\"pg-73-2\" ><div class=\"panel-grid-cell\" id=\"pgc-73-2-0\" ><div class=\"so-panel widget widget_ourteam-widget panel-first-child panel-last-child\" id=\"panel-73-2-0-0\" data-index=\"3\"><div class=\"our-team\"><div class=\"team-avator\"><img decoding=\"async\" alt=\"\" src=\"https:\/\/i0.wp.com\/www.cr-sroc.pt\/wp-content\/uploads\/RRIBASPACHECO.jpg?w=870\" data-recalc-dims=\"1\"><\/div><div class=\"team-social\"><ul><li><a href=\"https:\/\/pt.linkedin.com\/in\/rodrigo-ribas-pacheco-b233606b\"><i class=\"fa fa-linkedin fa-lg\"><\/i><\/a><\/li><li><a href=\"https:\/\/twitter.com\/roda1972Rodrigo\"><i class=\"fa fa-twitter fa-lg\"><\/i><\/a><\/li><li><a href=\"https:\/\/www.facebook.com\/rodrigo.ribaspacheco\"><i class=\"fa fa-facebook fa-lg\"><\/i><\/a><\/li><\/ul><\/div><div class=\"team-content\"><h4>Rodrigo Ribas Pacheco <span>S\u00f3cio e Administrador<\/span><\/h4><p><\/p><\/div><\/div><\/div><\/div><div class=\"panel-grid-cell\" id=\"pgc-73-2-1\" ><div class=\"so-panel widget widget_text panel-first-child panel-last-child\" id=\"panel-73-2-1-0\" data-index=\"4\"><div style=\"color: #797979;\" class=\"panel-widget-style\" ><h3 class=\"widget-title\">Rodrigo Ribas Pacheco | S\u00f3cio e Administrador<\/h3>\t\t\t<div class=\"textwidget\"><p>ROC desde 2002<br \/>\nLicenciado em Gest\u00e3o de Empresas<br \/>\nP\u00f3s-Graduado em Fiscalidade<br \/>\nP\u00f3s-Graduado em Auditoria<br \/>\nConsultor de Empresas<br \/>\nPerito Independente<\/p>\n<\/div>\n\t\t<\/div><\/div><\/div><\/div><\/div>","protected":false},"excerpt":{"rendered":"<p>A C &amp; R Ribas Pacheco, SROC, constitu\u00edda em 1988 pelo seu s\u00f3cio fundador, Dr. C. A. Ribas Pacheco, dedica-se<\/p>\n<p class=\"readmore\"><a href=\"https:\/\/www.cr-sroc.pt\/?page_id=73&#038;lang=en\" title=\"Read Company\">Read more &raquo;<\/a><\/p>\n","protected":false},"author":1,"featured_media":0,"parent":0,"menu_order":0,"comment_status":"closed","ping_status":"closed","template":"page-fullwidth.php","meta":{"footnotes":""},"class_list":["post-73","page","type-page","status-publish","hentry"],"_links":{"self":[{"href":"https:\/\/www.cr-sroc.pt\/index.php?rest_route=\/wp\/v2\/pages\/73","targetHints":{"allow":["GET"]}}],"collection":[{"href":"https:\/\/www.cr-sroc.pt\/index.php?rest_route=\/wp\/v2\/pages"}],"about":[{"href":"https:\/\/www.cr-sroc.pt\/index.php?rest_route=\/wp\/v2\/types\/page"}],"author":[{"embeddable":true,"href":"https:\/\/www.cr-sroc.pt\/index.php?rest_route=\/wp\/v2\/users\/1"}],"replies":[{"embeddable":true,"href":"https:\/\/www.cr-sroc.pt\/index.php?rest_route=%2Fwp%2Fv2%2Fcomments&post=73"}],"version-history":[{"count":1,"href":"https:\/\/www.cr-sroc.pt\/index.php?rest_route=\/wp\/v2\/pages\/73\/revisions"}],"predecessor-version":[{"id":74,"href":"https:\/\/www.cr-sroc.pt\/index.php?rest_route=\/wp\/v2\/pages\/73\/revisions\/74"}],"wp:attachment":[{"href":"https:\/\/www.cr-sroc.pt\/index.php?rest_route=%2Fwp%2Fv2%2Fmedia&parent=73"}],"curies":[{"name":"wp","href":"https:\/\/api.w.org\/{rel}","templated":true}]}}